. Let q be z(-2). Suppose -8 = q*s - 32. What is the units digit of s?
6
Let i be (-2 + 5)/(2/12). Let c = i + -6. What is the units digit of c?
2
Let s be 1/2 - (-10)/4. Let h be (4/(-3))/((-6)/9). Suppose -9 = h*i - s*i. What is the units digit of i?
9
Let s(f) = f**3 + 6*f**2 - 5*f - 4. What is the units digit of s(-6)?
6
Suppose 0 = 2*d - u - 185, 6*u + 462 = 5*d + 3*u. What is the tens digit of d?
9
Let o = 29 - -37. What is the units digit of o?
6
Let t(g) = -g + 2 + 2 + 6*g**2 - 7*g**2. Let p be t(0). Let w = p + 1. What is the units digit of w?
5
Let z = -3 + 24. What is the tens digit of z?
2
What is the units digit of (12/(-8))/(3/(-150))?
5
Let q = 8 + 3. Suppose 0 = -5*b - 5*v - 41 + q, -3*b - 20 = 2*v. What is the units digit of (-4)/(-16) - 14/b?
2
What is the units digit of -92*2/(-12)*3?
6
Let n(b) = -8*b**3 - b**2 - b. Let g = -2 + 5. Let p = 2 - g. What is the units digit of n(p)?
8
Let u be (-8 + 9)*122/2. Suppose -t = -4, -50 = -5*b + t + u. What is the tens digit of b?
2
Let q(v) = -3*v + 23. Let c(x) = x - 8. Let h(i) = -11*c(i) - 4*q(i). Let b(a) = -2*a + 9. Let z(t) = -4*b(t) - 10*h(t). What is the tens digit of z(-3)?
1
Suppose 0*z = -4*z + 12. Suppose -z*o = 2 - 14. Suppose 0 = -o*b + 6*b - 2. What is the units digit of b?
1
Let m(c) = 4*c**3 - 5*c**2 + 9*c - 5. What is the tens digit of m(4)?
0
Suppose 2*r - r - 338 = -4*z, z - 3*r = 78. What is the tens digit of z?
8
Let g = 7 - 25. Let l = -6 - g. What is the tens digit of l?
1
Suppose -159 = -f - 3*l, l + 459 = 3*f + 4*l. What is the units digit of f?
0
What is the tens digit of ((-134)/20 + 2/10)*-12?
7
Let k = -58 + 139. Suppose n = 5*z - 171, 4*z - n = k + 56. What is the tens digit of z?
3
Let p(h) = 4*h + 45. What is the units digit of p(5)?
5
Let f(x) = x**3 + 4*x**2 + 3*x. Let m be f(-3). Suppose -2*u + 10 = -m*u. Suppose -3*q + 5*c + 1 = 0, -2*c - c = -u*q + 23. What is the units digit of q?
7
What is the tens digit of (-13 + 0)/(-1*1)?
1
Suppose -o + 5 = t, 3*o = 4*t - 12 - 8. Suppose 0 = -5*k - 3*y - 5, o = -5*k - 3*y - y - 10. Let b = 3 - k. What is the units digit of b?
1
Suppose 0 = w + 5*x + 17, -4*x = 5*w - 4*w + 14. Let v = w - 0. Let c = v - -18. What is the units digit of c?
6
Let z(r) = -6*r + 2*r**2 - 3*r**2 - 1 + 0*r**2 + 2*r + r**3. Let t = -3 + 6. What is the units digit of z(t)?
5
Let k(l) = 25*l**2 - 10*l. What is the hundreds digit of k(-3)?
2
Suppose 150 = -6*i + 1350. What is the units digit of i?
0
Suppose 6*r - 2*r - 3*b = 11, -5*b = -2*r - 5. Suppose -i - 13 = -r*i + 5*t, -3*t = -i - 2. What is the units digit of i?
7
Let i = 8 - 2. What is the units digit of 82/i - (-2)/6?
4
Let n = 457 + -266. What is the hundreds digit of n?
1
Let v(h) = -h**2 + 3*h + 4. Let i be v(3). Let w = -8 + 22. Suppose -y - 2 = -4*a, -3*a - 2*a = -i*y + w. What is the units digit of y?
6
Suppose -5 = -i + 4*a, i + 4*a = -0*a + 13. Suppose 2*b - i = -b. Suppose -d + 3*d - 56 = -3*r, 3*d - 57 = -b*r. What is the units digit of r?
8
What is the tens digit of (-19 + 3)/(4/(-10))?
4
Let t(i) = -35*i + 11. What is the tens digit of t(-3)?
1
Let g = -38 - -72. What is the tens digit of (-1)/(-2*1/g)?
1
Suppose 9*a = 4*a + 15. Suppose z = -d + 15, -a*d + 5 = -3*z - 16. What is the tens digit of d?
1
What is the tens digit of ((-59)/5 - 1)*-5?
6
Let n be (-4 - 1)*(-188)/(-10). What is the units digit of n/(-4) - (-5)/10?
4
Let y(q) = q**3 - q**2 + 1. What is the units digit of y(0)?
1
Let q = 1 - -1. Suppose 6 = 5*p + 3*l, -p - 4*l = -q*p + 15. Suppose 2*o - 8 = 0, 0*o = -2*g + p*o. What is the units digit of g?
6
Suppose -3*a - 33 = 3*k, 6*a - 3*a = 9. What is the tens digit of ((-30)/(-4))/((-7)/k)?
1
Let m(c) = -c - 4. Let z(n) = 2*n + 7. Let y(t) = -5*m(t) - 2*z(t). Suppose 4*p = p. What is the units digit of y(p)?
6
Suppose -5*u - m = -310, 5*u + 4*m = u + 248. What is the tens digit of u?
6
Let w = 50 + 124. What is the tens digit of w?
7
Let j be (-6)/(-4)*2/3. Suppose -y = -k + 41, 0 = 2*y - y + j. Suppose -3*p - p + 3*o = -k, -p - 5*o = 13. What is the units digit of p?
7
Let l(f) = -2*f - 7. Let b be 35/(-10) - (-3)/(-2). What is the units digit of l(b)?
3
Suppose -l = h - 49, 2*l = 5*l - 2*h - 162. Let s = l + -37. What is the tens digit of s?
1
Let r(d) = -2*d + 5. What is the units digit of r(0)?
5
Suppose 0 = -4*o + 7*o. Suppose -4*w + 34 = -o*j + j, 3*w = 2*j - 13. What is the units digit of j?
4
Let j be (-44)/(-36) + 4/(-18). Suppose 4*k + j - 9 = 0. Suppose 3*d + 4*i = k*d + 25, 4*d - 74 = -3*i. What is the tens digit of d?
1
Suppose 0 = r - 12 - 2. Let m = r - 1. What is the units digit of m?
3
Let k = -21 - -14. Let c(g) = g**3 + 8*g**2 + 6*g + 1. What is the units digit of c(k)?
8
Let v = -11 - -13. Suppose -v*r - 2 = -38. What is the units digit of r?
8
Suppose -2*b = -0 - 2. Let z be -1 + 2 + (-3)/b. What is the units digit of 3 + z + 2/2?
2
Suppose 8 = -f + 3*f + 4*y, 5*y - 1 = -f. Suppose -3*w + f = -w. Suppose -5*t - 2*k = -w*t, 3*t - 5 = -2*k. What is the units digit of t?
5
Suppose 2*i + 3*r - 23 = 0, 4*i + 2*r - 21 = 5. Suppose -n + 0*n = -3*m + 60, i*n = -2*m + 26. What is the tens digit of m?
1
Let b(n) = -146*n + 10. What is the units digit of b(-2)?
2
Suppose u + 6 = -2*o, -6*o + 3*o = u + 8. Let y be (-72)/3*1/u. What is the tens digit of (18/y)/(2/20)?
1
Let k(w) = -w + 1. Let j be k(-1). Let p(i) = -2*i**3 - 3*i**2 + j*i**3 - 4 + 4*i + i**3. What is the units digit of p(3)?
8
Suppose -4*p + 55 = -53. What is the tens digit of p?
2
Let t(f) = -11*f + 30. Let i(w) = 7*w - 20. Let d(z) = -8*i(z) - 5*t(z). What is the units digit of d(-8)?
8
Suppose 2*g - 4*r - 22 = 0, -5*g + 0*r + 3*r + 34 = 0. Suppose 4*o = g*o - 8. What is the units digit of o?
8
Let w(r) = r**2 + 5*r - 6. Let q be w(-6). Suppose -4*u = 4*m - 56, u - 2*m - 8 - 18 = q. What is the units digit of u?
8
Let v(i) = 4*i**3 + 7*i**2 + 2*i - 2. Let k(f) = f**3 + f**2 - f - 1. Let t(h) = 3*k(h) - v(h). What is the tens digit of t(-4)?
1
Let a be 2*((1 - 0) + 0). Let b(i) = i**3 - 2*i - i - 3*i**a + 5*i. What is the units digit of b(3)?
6
Let s(d) = d**2 - 7*d + 6. Let p be s(6). Suppose p = -7*l + 3*l + 4. What is the units digit of l?
1
Suppose h = a + 3 - 0, -5*a - 17 = -3*h. Let m(v) = 2*v**2 + 3*v - 4. What is the units digit of m(a)?
6
Suppose -10 = 5*s - 0. What is the units digit of (8/(-5))/(s/15)?
2
Suppose -3*c + 5 = -2*a, 2 = 4*a - c - c. Let j = 2 + a. Suppose j - 3 = m. What is the units digit of m?
1
Let v = 18 - 8. What is the tens digit of v?
1
Suppose 32 = 6*i - 4*i. What is the tens digit of i?
1
Let i(d) = -d**3 - 2*d**2 + 3*d + 4. Let z be i(-3). Suppose z*m = -0*m + 20. What is the units digit of m?
5
Let y(o) = -17*o - 20. What is the units digit of y(-6)?
2
Let i be -2 + (-1 - 1 - -2). Let u be (-82)/4 - 1/i. What is the tens digit of 104/10 + 8/u?
1
Let g = 515 - 194. What is the tens digit of g?
2
Let l(m) be the third derivative of 13/6*m**3 - 1/24*m**4 + 0*m + 0 + 2*m**2. What is the units digit of l(6)?
7
Let c = 36 - 25. What is the units digit of c?
1
Suppose 282 = 8*p - 2*p. Let l = 79 - p. What is the tens digit of l?
3
Let x(l) = l**3 - 6*l**2 + 6*l - 3. Let i be x(5). Suppose a + 25 = 5*d, i*d - 10 = 3*a - a. What is the units digit of (a - (-3)/(-1))*-1?
3
Let x = -17 - -45. Let y = x - 18. What is the units digit of y?
0
Let q(p) = 2*p + 6. What is the tens digit of q(7)?
2
Let p(c) = c**2 - c - 1. Let r be p(-2). Let u be -6*((-3)/2 - -1). Suppose 16 = -2*k + 4*f, 3*k - u*f - 16 = -r*f. What is the units digit of k?
2
Suppose 4*u + f - 78 = u, -4*u - 3*f + 99 = 0. What is the units digit of u?
7
Let j = 99 + 131. What is the hundreds digit of j?
2
Suppose b + 4*l + 34 = 3*b, 0 = 2*b + 5*l - 43. Suppose -5*i - b = -0*i - 4*s, 0 = i - s + 3. Let q = i - -9. What is the units digit of q?
2
Suppose 4*v = -z + 150, 255 + 20 = 2*z + 3*v. What is the units digit of z?
0
Let t be 12/7 - (-4)/14. Suppose k + 5*j + 16 = 0, 0 = k - 4*k + t*j + 20. What is the units digit of k?
4
What is the tens digit of (8/10)/(4/150)?
3
Let j(q) = -q**3 + 2*q**2 + 2*q + 19. What is the hundreds digit of j(-5)?
1
What is the tens digit of (9/18)/((-1)/(-90))?
4
What is the units digit of ((-18)/4)/9*-172?
6
Let j(z) = 4*z + 7*z - 10*z + 3. Let o be j(0). Sup